{"id":7153,"date":"2025-10-14T14:49:32","date_gmt":"2025-10-14T14:49:32","guid":{"rendered":"https:\/\/lichterkraft-steffi.de\/?page_id=7153"},"modified":"2025-10-14T14:56:13","modified_gmt":"2025-10-14T14:56:13","slug":"about","status":"publish","type":"page","link":"https:\/\/lichterkraft-steffi.de\/index.php\/about\/","title":{"rendered":"About"},"content":{"rendered":"\n<div class=\"wp-block-columns is-layout-flex wp-container-core-columns-is-layout-28f84493 wp-block-columns-is-layout-flex\">\n<div class=\"wp-block-column is-layout-flow wp-block-column-is-layout-flow\" style=\"flex-basis:66.66%\">\n<p>Hey, ich bin Steffi&#8230;<\/p>\n\n\n\n<p>&#8230;und meine Reise begann damit, dass ich mich lange nicht als ganz und wertvoll erachtet habe. Doch im Jahr 2019 habe ich selbst ein Coaching gemacht, das mein Leben ver\u00e4ndert hat. In diesem Prozess habe ich das wahre Potential in mir entdeckt und mein Strahlen wiedergefunden. Ich habe erkannt, wie viel Kraft und Sch\u00f6nheit in mir steckt und dass ich es verdiene, mein Leben in voller Energie zu leben.<\/p>\n\n\n\n<p>Meine Werte sind mir sehr wichtig. Ich lege gro\u00dfen Wert auf ehrliche und offene Kommunikation, auf Respekt gegen\u00fcber dem anderen und seiner Geschichte sowie auf die F\u00e4higkeit, Liebe in jedem zu sehen \u2013 auch in den Momenten, in denen es vielleicht nicht so offensichtlich ist.<\/p>\n\n\n\n<p>Mit einer fundierten Ausbildung als staatlich examinierte Physiotherapeutin, erg\u00e4nzt durch meine Ausbildung als ThetaHealing Practitioner, Reiki-Meister und Lehrer sowie als Lehrer f\u00fcr energetische Wirbels\u00e4ulenaufrichtung, kombiniere ich fundiertes medizinisches Wissen mit tiefgehenden energetischen Methoden. Weiterhin habe ich mich durch Fortbildungen in Manueller Therapie, Krankengymnastik am Ger\u00e4t, Sportphysiotherapie und Manueller Lymphdrainage weitergebildet, um meinen Klienten auf allen Ebenen zu unterst\u00fctzen.<\/p>\n\n\n\n<p>Was mich von anderen unterscheidet, ist meine Herangehensweise: Ich kombiniere physische Techniken mit energetischen Heilmethoden, sodass ich auf tiefer Ebene arbeiten kann \u2013 sowohl auf k\u00f6rperlicher als auch auf energetischer Ebene. Diese einzigartige Kombination erm\u00f6glicht es mir, Blockaden zu l\u00f6sen und nachhaltige Ver\u00e4nderungen zu schaffen.<\/p>\n\n\n\n<p>Mein Ziel ist es, meinen Klienten dabei zu helfen, sich selbst wieder zu sp\u00fcren, ihre eigene innere St\u00e4rke zu erkennen und ihre Visionen zu entwickeln. Ich unterst\u00fctze sie dabei, ihre Seele in das irdische Leben zu integrieren, sodass sie ihre wahre Bestimmung leben k\u00f6nnen.<\/p>\n\n\n\n<p>Die Herausforderung, mich selbst nach Jahren der Trennung von meiner wahren Essenz wiederzufinden, hat mir geholfen, mich mit meinem inneren Selbst zu verbinden. Dieser pers\u00f6nliche Weg, den ich gehe, erm\u00f6glicht es mir, auch anderen dabei zu helfen, ihren Seelenweg zu finden und zu gehen.<\/p>\n\n\n\n<p>Ich arbeite individuell mit meinen Klienten und entwickle gemeinsam mit ihnen l\u00f6sungsorientierte Ziele. Mein Ziel ist es, dass du nach unserer Zusammenarbeit zufriedener bist, dich selbst wieder sp\u00fcrst, deinen Weg kennst und wei\u00dft, wie du dich selbst unterst\u00fctzen kannst. Ich begleite dich dabei, Traumata aufzuarbeiten, Leichtigkeit in dein Leben zu bringen, deine Visionen zu erkennen und zu leben, damit du dich freier und erf\u00fcllter f\u00fchlst.<\/p>\n<\/div>\n\n\n\n<div class=\"wp-block-column is-layout-flow wp-block-column-is-layout-flow\" style=\"flex-basis:33.33%\">\n<figure class=\"wp-block-image size-large\"><img loading=\"lazy\" decoding=\"async\" width=\"473\" height=\"1024\" src=\"https:\/\/lichterkraft-steffi.de\/wp-content\/uploads\/2025\/10\/optimized_img_2929-473x1024.png\" alt=\"\" class=\"wp-image-7160\" srcset=\"https:\/\/lichterkraft-steffi.de\/wp-content\/uploads\/2025\/10\/optimized_img_2929-473x1024.png 473w, https:\/\/lichterkraft-steffi.de\/wp-content\/uploads\/2025\/10\/optimized_img_2929-139x300.png 139w, https:\/\/lichterkraft-steffi.de\/wp-content\/uploads\/2025\/10\/optimized_img_2929.png 1170w\" sizes=\"auto, (max-width: 473px) 100vw, 473px\" \/><\/figure>\n<\/div>\n<\/div>\n\n\n\n<p><\/p>\n","protected":false},"excerpt":{"rendered":"<p>Hey, ich bin Steffi&#8230; &#8230;und meine Reise begann damit, dass ich mich lange nicht als ganz und wertvoll erachtet habe. Doch im Jahr 2019 habe ich selbst ein Coaching gemacht, das mein Leben ver\u00e4ndert hat. In diesem Prozess habe ich das wahre Potential in mir entdeckt und mein Strahlen wiedergefunden. Ich habe erkannt, wie viel &hellip; <\/p>\n<p class=\"link-more\"><a href=\"https:\/\/lichterkraft-steffi.de\/index.php\/about\/\" class=\"more-link\">Mehr <span class=\"screen-reader-text\">\u00fcber &#8222;About&#8220; <\/span>Lesen<\/a><\/p>\n","protected":false},"author":1,"featured_media":0,"parent":0,"menu_order":0,"comment_status":"closed","ping_status":"closed","template":"","meta":{"footnotes":""},"class_list":["post-7153","page","type-page","status-publish","hentry"],"featured_media_urls":[],"_links":{"self":[{"href":"https:\/\/lichterkraft-steffi.de\/index.php\/wp-json\/wp\/v2\/pages\/7153","targetHints":{"allow":["GET"]}}],"collection":[{"href":"https:\/\/lichterkraft-steffi.de\/index.php\/wp-json\/wp\/v2\/pages"}],"about":[{"href":"https:\/\/lichterkraft-steffi.de\/index.php\/wp-json\/wp\/v2\/types\/page"}],"author":[{"embeddable":true,"href":"https:\/\/lichterkraft-steffi.de\/index.php\/wp-json\/wp\/v2\/users\/1"}],"replies":[{"embeddable":true,"href":"https:\/\/lichterkraft-steffi.de\/index.php\/wp-json\/wp\/v2\/comments?post=7153"}],"version-history":[{"count":4,"href":"https:\/\/lichterkraft-steffi.de\/index.php\/wp-json\/wp\/v2\/pages\/7153\/revisions"}],"predecessor-version":[{"id":7162,"href":"https:\/\/lichterkraft-steffi.de\/index.php\/wp-json\/wp\/v2\/pages\/7153\/revisions\/7162"}],"wp:attachment":[{"href":"https:\/\/lichterkraft-steffi.de\/index.php\/wp-json\/wp\/v2\/media?parent=7153"}],"curies":[{"name":"wp","href":"https:\/\/api.w.org\/{rel}","templated":true}]}}