{"id":7057,"date":"2025-10-12T18:58:48","date_gmt":"2025-10-12T18:58:48","guid":{"rendered":"https:\/\/lichterkraft-steffi.de\/?page_id=7057"},"modified":"2025-10-12T19:11:13","modified_gmt":"2025-10-12T19:11:13","slug":"11-mentoring-deine-persoenliche-begleitung-fuer-3-monate","status":"publish","type":"page","link":"https:\/\/lichterkraft-steffi.de\/index.php\/11-mentoring-deine-persoenliche-begleitung-fuer-3-monate\/","title":{"rendered":"1:1 Mentoring &#8211; deine pers\u00f6nliche Begleitung f\u00fcr 3 Monate"},"content":{"rendered":"\n<div class=\"wp-block-columns is-layout-flex wp-container-core-columns-is-layout-28f84493 wp-block-columns-is-layout-flex\">\n<div class=\"wp-block-column is-layout-flow wp-block-column-is-layout-flow\">\n<h2 class=\"wp-block-heading\">\ud83c\udf38\u00a0<strong>3 Monate \u2013 Tiefer Wandel &amp; energetische Stabilisierung<\/strong><\/h2>\n\n\n\n<p>Du w\u00fcnschst dir nachhaltige Ver\u00e4nderung und m\u00f6chtest dich auf tieferer Ebene entfalten? In diesem 3-monatigen Mentoring begleite ich dich durch einen kraftvollen Transformationsprozess. Wir schauen uns nicht nur die Symptome, sondern auch die Wurzeln deiner Themen an.<\/p>\n\n\n\n<p><em>Ideal f\u00fcr dich, wenn du bereit bist, dich tiefer einzulassen, dich emotional und energetisch neu auszurichten und dein inneres Licht freizulegen.<\/em><em>Inklusive:<\/em><br>\u2022 12 Sessions (\u00e0 60 Minuten)<br>\u2022 Intensive energetische Begleitung<br>\u2022 Energetisches Reading &amp; Channeling<br>\u2022 Integration &amp; Rituale<br>\u2022 Begleitender WhatsApp Support<\/p>\n\n\n\n<p><\/p>\n<\/div>\n\n\n\n<div class=\"wp-block-column is-layout-flow wp-block-column-is-layout-flow\">\n<figure class=\"wp-block-image size-large\"><img loading=\"lazy\" decoding=\"async\" width=\"1024\" height=\"683\" src=\"https:\/\/lichterkraft-steffi.de\/wp-content\/uploads\/2025\/10\/pexels-monstera-3610752-1024x683.jpg\" alt=\"\" class=\"wp-image-7038\" srcset=\"https:\/\/lichterkraft-steffi.de\/wp-content\/uploads\/2025\/10\/pexels-monstera-3610752-1024x683.jpg 1024w, https:\/\/lichterkraft-steffi.de\/wp-content\/uploads\/2025\/10\/pexels-monstera-3610752-300x200.jpg 300w, https:\/\/lichterkraft-steffi.de\/wp-content\/uploads\/2025\/10\/pexels-monstera-3610752-2000x1333.jpg 2000w\" sizes=\"auto, (max-width: 1024px) 100vw, 1024px\" \/><\/figure>\n<\/div>\n<\/div>\n\n\n\n<div class=\"wp-block-buttons is-content-justification-center is-layout-flex wp-container-core-buttons-is-layout-a89b3969 wp-block-buttons-is-layout-flex\">\n<div class=\"wp-block-button\"><a class=\"wp-block-button__link wp-element-button\">Jetzt anfragen<\/a><\/div>\n<\/div>\n\n\n\n<p><\/p>\n","protected":false},"excerpt":{"rendered":"<p>\ud83c\udf38\u00a03 Monate \u2013 Tiefer Wandel &amp; energetische Stabilisierung Du w\u00fcnschst dir nachhaltige Ver\u00e4nderung und m\u00f6chtest dich auf tieferer Ebene entfalten? In diesem 3-monatigen Mentoring begleite ich dich durch einen kraftvollen Transformationsprozess. Wir schauen uns nicht nur die Symptome, sondern auch die Wurzeln deiner Themen an. Ideal f\u00fcr dich, wenn du bereit bist, dich tiefer einzulassen, &hellip; <\/p>\n<p class=\"link-more\"><a href=\"https:\/\/lichterkraft-steffi.de\/index.php\/11-mentoring-deine-persoenliche-begleitung-fuer-3-monate\/\" class=\"more-link\">Mehr <span class=\"screen-reader-text\">\u00fcber &#8222;1:1 Mentoring &#8211; deine pers\u00f6nliche Begleitung f\u00fcr 3 Monate&#8220; <\/span>Lesen<\/a><\/p>\n","protected":false},"author":1,"featured_media":0,"parent":0,"menu_order":0,"comment_status":"closed","ping_status":"closed","template":"","meta":{"footnotes":""},"class_list":["post-7057","page","type-page","status-publish","hentry"],"featured_media_urls":[],"_links":{"self":[{"href":"https:\/\/lichterkraft-steffi.de\/index.php\/wp-json\/wp\/v2\/pages\/7057","targetHints":{"allow":["GET"]}}],"collection":[{"href":"https:\/\/lichterkraft-steffi.de\/index.php\/wp-json\/wp\/v2\/pages"}],"about":[{"href":"https:\/\/lichterkraft-steffi.de\/index.php\/wp-json\/wp\/v2\/types\/page"}],"author":[{"embeddable":true,"href":"https:\/\/lichterkraft-steffi.de\/index.php\/wp-json\/wp\/v2\/users\/1"}],"replies":[{"embeddable":true,"href":"https:\/\/lichterkraft-steffi.de\/index.php\/wp-json\/wp\/v2\/comments?post=7057"}],"version-history":[{"count":3,"href":"https:\/\/lichterkraft-steffi.de\/index.php\/wp-json\/wp\/v2\/pages\/7057\/revisions"}],"predecessor-version":[{"id":7069,"href":"https:\/\/lichterkraft-steffi.de\/index.php\/wp-json\/wp\/v2\/pages\/7057\/revisions\/7069"}],"wp:attachment":[{"href":"https:\/\/lichterkraft-steffi.de\/index.php\/wp-json\/wp\/v2\/media?parent=7057"}],"curies":[{"name":"wp","href":"https:\/\/api.w.org\/{rel}","templated":true}]}}