{"id":6971,"date":"2025-10-10T10:06:32","date_gmt":"2025-10-10T10:06:32","guid":{"rendered":"https:\/\/lichterkraft-steffi.de\/?page_id=6971"},"modified":"2025-10-14T15:01:26","modified_gmt":"2025-10-14T15:01:26","slug":"theta-healing","status":"publish","type":"page","link":"https:\/\/lichterkraft-steffi.de\/index.php\/theta-healing\/","title":{"rendered":"Theta Healing\u00ae"},"content":{"rendered":"\n<div class=\"wp-block-columns is-layout-flex wp-container-core-columns-is-layout-28f84493 wp-block-columns-is-layout-flex\">\n<div class=\"wp-block-column is-layout-flow wp-block-column-is-layout-flow\">\n<h2 class=\"wp-block-heading\"><\/h2>\n\n\n\n<p>ThetaHealing\u00ae ist eine ganzheitliche Heilmethode, die auf der Verbindung von energetischer Arbeit, Meditation und bewusster Gedankenausrichtung basiert. Sie wurde von Vianna Stibal entwickelt und arbeitet mit dem&nbsp;<strong>Theta-Gehirnwellenzustand<\/strong>&nbsp;\u2013 einer tiefen, meditativen Frequenz, die uns direkten Zugang zu unserem Unterbewusstsein und zur Sch\u00f6pferkraft gibt.<\/p>\n\n\n\n<p>Im Theta-Zustand ist unser Geist klar, aber entspannt. Wir k\u00f6nnen auf<strong>&nbsp;gespeicherte \u00dcberzeugungen, emotionale Blockaden, alte Muster und energetische Belastungen zugreifen<\/strong>&nbsp;\u2013 und sie gezielt transformieren. Dabei geschieht die Heilung nicht \u201eaus dem Kopf heraus\u201c, sondern intuitiv, \u00fcber das Feld der bedingungslosen Liebe.<\/p>\n\n\n\n<p>ThetaHealing\u00ae unterst\u00fctzt dich dabei, innere Themen zu erkennen, zu l\u00f6sen und in eine h\u00f6here Schwingung zu bringen \u2013<strong>&nbsp;ganz gleich, ob es um k\u00f6rperliche Beschwerden, \u00c4ngste, Selbstwert, Beziehungen oder spirituelles Wachstum geht.<\/strong><\/p>\n<\/div>\n\n\n\n<div class=\"wp-block-column is-layout-flow wp-block-column-is-layout-flow\">\n<figure class=\"wp-block-image size-large\"><img loading=\"lazy\" decoding=\"async\" width=\"1024\" height=\"682\" src=\"https:\/\/lichterkraft-steffi.de\/wp-content\/uploads\/2025\/10\/god-7114913_1280-1024x682.jpg\" alt=\"\" class=\"wp-image-7014\" srcset=\"https:\/\/lichterkraft-steffi.de\/wp-content\/uploads\/2025\/10\/god-7114913_1280-1024x682.jpg 1024w, https:\/\/lichterkraft-steffi.de\/wp-content\/uploads\/2025\/10\/god-7114913_1280-300x200.jpg 300w, https:\/\/lichterkraft-steffi.de\/wp-content\/uploads\/2025\/10\/god-7114913_1280.jpg 1280w\" sizes=\"auto, (max-width: 1024px) 100vw, 1024px\" \/><\/figure>\n<\/div>\n<\/div>\n\n\n\n<p><\/p>\n\n\n\n<p><em>Wie l\u00e4uft eine ThetaHealing\u00ae-Sitzung ab?<\/em><\/p>\n\n\n\n<p>\ud83c\udf3f&nbsp;<strong>Vorgespr\u00e4ch &amp; Thema finden<\/strong><br>Zu Beginn besprechen wir dein Anliegen \u2013 das kann ein konkretes Thema sein, ein wiederkehrendes Gef\u00fchl, ein Wunsch zur Ver\u00e4nderung oder einfach der Impuls, tiefer zu dir selbst zu finden.<\/p>\n\n\n\n<p>\ud83c\udf3f&nbsp;<strong>Meditativer Zugang &amp; Reading<\/strong><br>Ich f\u00fchre dich in einen ruhigen, klaren Bewusstseinszustand. In Verbindung mit der Sch\u00f6pferquelle lese ich intuitiv in deinem Energiefeld und erkenne energetische Blockaden, Glaubensmuster oder seelische Themen, die mit deinem Anliegen in Zusammenhang stehen.<\/p>\n\n\n\n<p>\ud83c\udf3f&nbsp;<strong>Transformation &amp; Downloads<\/strong><br>Gemeinsam identifizieren wir hinderliche Glaubenss\u00e4tze, die aufgel\u00f6st werden d\u00fcrfen \u2013 oft stammen sie aus der Kindheit, Ahnenreihe oder fr\u00fcheren Erfahrungen. Mit deiner Erlaubnis l\u00f6se ich diese \u00fcber das Theta-Feld und ersetze sie durch neue, st\u00e4rkende Programme. Diese positiven Impulse (sogenannte \u201eDownloads\u201c) d\u00fcrfen sich tief in deinem System verankern.<\/p>\n\n\n\n<p>\ud83c\udf3f&nbsp;<strong>Integration &amp; Abschluss<\/strong><br>Zum Ende der Sitzung hast du Raum zum Nachsp\u00fcren, Integrieren und Fragen stellen. Viele Menschen f\u00fchlen sich danach innerlich erleichtert, klarer, mutiger oder emotional ber\u00fchrt. Die energetische Arbeit wirkt auch nach der Sitzung weiter \u2013 liebevoll und kraftvoll zugleich.<\/p>\n\n\n\n<p><strong>ThetaHealing\u00ae ist wie ein sanfter Schl\u00fcssel zum Unterbewusstsein \u2013 eine Erinnerung daran, wer du wirklich bist, jenseits von Angst, Mangel und Konditionierung.<\/strong><\/p>\n\n\n\n<p class=\"has-text-align-center\"><strong>ca. 60 Minuten &#8211; 120 \u20ac<\/strong><\/p>\n\n\n\n<div class=\"wp-block-buttons is-content-justification-center is-layout-flex wp-container-core-buttons-is-layout-a89b3969 wp-block-buttons-is-layout-flex\">\n<div class=\"wp-block-button\"><a class=\"wp-block-button__link wp-element-button\">Jetzt anfragen<\/a><\/div>\n<\/div>\n\n\n\n<p><\/p>\n","protected":false},"excerpt":{"rendered":"<p>ThetaHealing\u00ae ist eine ganzheitliche Heilmethode, die auf der Verbindung von energetischer Arbeit, Meditation und bewusster Gedankenausrichtung basiert. Sie wurde von Vianna Stibal entwickelt und arbeitet mit dem&nbsp;Theta-Gehirnwellenzustand&nbsp;\u2013 einer tiefen, meditativen Frequenz, die uns direkten Zugang zu unserem Unterbewusstsein und zur Sch\u00f6pferkraft gibt. Im Theta-Zustand ist unser Geist klar, aber entspannt. Wir k\u00f6nnen auf&nbsp;gespeicherte \u00dcberzeugungen, emotionale &hellip; <\/p>\n<p class=\"link-more\"><a href=\"https:\/\/lichterkraft-steffi.de\/index.php\/theta-healing\/\" class=\"more-link\">Mehr <span class=\"screen-reader-text\">\u00fcber &#8222;Theta Healing\u00ae&#8220; <\/span>Lesen<\/a><\/p>\n","protected":false},"author":1,"featured_media":0,"parent":0,"menu_order":0,"comment_status":"closed","ping_status":"closed","template":"","meta":{"footnotes":""},"class_list":["post-6971","page","type-page","status-publish","hentry"],"featured_media_urls":[],"_links":{"self":[{"href":"https:\/\/lichterkraft-steffi.de\/index.php\/wp-json\/wp\/v2\/pages\/6971","targetHints":{"allow":["GET"]}}],"collection":[{"href":"https:\/\/lichterkraft-steffi.de\/index.php\/wp-json\/wp\/v2\/pages"}],"about":[{"href":"https:\/\/lichterkraft-steffi.de\/index.php\/wp-json\/wp\/v2\/types\/page"}],"author":[{"embeddable":true,"href":"https:\/\/lichterkraft-steffi.de\/index.php\/wp-json\/wp\/v2\/users\/1"}],"replies":[{"embeddable":true,"href":"https:\/\/lichterkraft-steffi.de\/index.php\/wp-json\/wp\/v2\/comments?post=6971"}],"version-history":[{"count":5,"href":"https:\/\/lichterkraft-steffi.de\/index.php\/wp-json\/wp\/v2\/pages\/6971\/revisions"}],"predecessor-version":[{"id":7167,"href":"https:\/\/lichterkraft-steffi.de\/index.php\/wp-json\/wp\/v2\/pages\/6971\/revisions\/7167"}],"wp:attachment":[{"href":"https:\/\/lichterkraft-steffi.de\/index.php\/wp-json\/wp\/v2\/media?parent=6971"}],"curies":[{"name":"wp","href":"https:\/\/api.w.org\/{rel}","templated":true}]}}